{"id":4452,"date":"2025-05-26T09:46:58","date_gmt":"2025-05-26T09:46:58","guid":{"rendered":"https:\/\/betatom.com.tr\/?page_id=4452"},"modified":"2025-05-30T09:56:24","modified_gmt":"2025-05-30T09:56:24","slug":"brosurler","status":"publish","type":"page","link":"https:\/\/betatom.com.tr\/?page_id=4452","title":{"rendered":"Bro\u015f\u00fcrler"},"content":{"rendered":"\t\t<div data-elementor-type=\"wp-page\" data-elementor-id=\"4452\" class=\"elementor elementor-4452\" data-elementor-settings=\"{&quot;ha_cmc_init_switcher&quot;:&quot;no&quot;}\">\n\t\t\t\t<div class=\"has_eae_slider elementor-element elementor-element-8df8bc4 e-flex e-con-boxed wpr-particle-no wpr-jarallax-no wpr-parallax-no wpr-sticky-section-no wpr-equal-height-no e-con e-parent\" data-eae-slider=\"53546\" data-id=\"8df8bc4\" data-element_type=\"container\" data-e-type=\"container\" data-settings=\"{&quot;_ha_eqh_enable&quot;:false}\">\n\t\t\t\t\t<div class=\"e-con-inner\">\n\t\t\t\t<div class=\"elementor-element elementor-element-8949bd0 elementor-arrows-position-inside elementor-pagination-position-outside elementor-widget elementor-widget-image-carousel\" data-id=\"8949bd0\" data-element_type=\"widget\" data-e-type=\"widget\" data-settings=\"{&quot;image_spacing_custom&quot;:{&quot;unit&quot;:&quot;px&quot;,&quot;size&quot;:26,&quot;sizes&quot;:[]},&quot;navigation&quot;:&quot;both&quot;,&quot;autoplay&quot;:&quot;yes&quot;,&quot;pause_on_hover&quot;:&quot;yes&quot;,&quot;pause_on_interaction&quot;:&quot;yes&quot;,&quot;autoplay_speed&quot;:5000,&quot;infinite&quot;:&quot;yes&quot;,&quot;speed&quot;:500,&quot;image_spacing_custom_tablet&quot;:{&quot;unit&quot;:&quot;px&quot;,&quot;size&quot;:&quot;&quot;,&quot;sizes&quot;:[]},&quot;image_spacing_custom_mobile&quot;:{&quot;unit&quot;:&quot;px&quot;,&quot;size&quot;:&quot;&quot;,&quot;sizes&quot;:[]}}\" data-widget_type=\"image-carousel.default\">\n\t\t\t\t<div class=\"elementor-widget-container\">\n\t\t\t\t\t\t\t<div class=\"elementor-image-carousel-wrapper swiper\" role=\"region\" aria-roledescription=\"carousel\" aria-label=\"Resim D\u00f6ng\u00fcs\u00fc\" dir=\"ltr\">\n\t\t\t<div class=\"elementor-image-carousel swiper-wrapper swiper-image-stretch\" aria-live=\"off\">\n\t\t\t\t\t\t\t\t<div class=\"swiper-slide\" role=\"group\" aria-roledescription=\"slide\" aria-label=\"1 \/ 12\"><figure class=\"swiper-slide-inner\"><img decoding=\"async\" class=\"swiper-slide-image\" src=\"https:\/\/betatom.com.tr\/wp-content\/uploads\/2025\/05\/1-1.png\" alt=\"1\" \/><\/figure><\/div><div class=\"swiper-slide\" role=\"group\" aria-roledescription=\"slide\" aria-label=\"2 \/ 12\"><figure class=\"swiper-slide-inner\"><img decoding=\"async\" class=\"swiper-slide-image\" src=\"https:\/\/betatom.com.tr\/wp-content\/uploads\/2025\/05\/Ekran-Alintisi-3.png\" alt=\"Ekran Al\u0131nt\u0131s\u0131\" \/><\/figure><\/div><div class=\"swiper-slide\" role=\"group\" aria-roledescription=\"slide\" aria-label=\"3 \/ 12\"><figure class=\"swiper-slide-inner\"><img decoding=\"async\" class=\"swiper-slide-image\" src=\"https:\/\/betatom.com.tr\/wp-content\/uploads\/2025\/05\/3-2.png\" alt=\"3\" \/><\/figure><\/div><div class=\"swiper-slide\" role=\"group\" aria-roledescription=\"slide\" aria-label=\"4 \/ 12\"><figure class=\"swiper-slide-inner\"><img decoding=\"async\" class=\"swiper-slide-image\" src=\"https:\/\/betatom.com.tr\/wp-content\/uploads\/2025\/05\/4-2.png\" alt=\"4\" \/><\/figure><\/div><div class=\"swiper-slide\" role=\"group\" aria-roledescription=\"slide\" aria-label=\"5 \/ 12\"><figure class=\"swiper-slide-inner\"><img decoding=\"async\" class=\"swiper-slide-image\" src=\"https:\/\/betatom.com.tr\/wp-content\/uploads\/2025\/05\/5-1.png\" alt=\"5\" \/><\/figure><\/div><div class=\"swiper-slide\" role=\"group\" aria-roledescription=\"slide\" aria-label=\"6 \/ 12\"><figure class=\"swiper-slide-inner\"><img decoding=\"async\" class=\"swiper-slide-image\" src=\"https:\/\/betatom.com.tr\/wp-content\/uploads\/2025\/05\/6-2.png\" alt=\"6\" \/><\/figure><\/div><div class=\"swiper-slide\" role=\"group\" aria-roledescription=\"slide\" aria-label=\"7 \/ 12\"><figure class=\"swiper-slide-inner\"><img decoding=\"async\" class=\"swiper-slide-image\" src=\"https:\/\/betatom.com.tr\/wp-content\/uploads\/2025\/05\/7-2.png\" alt=\"7\" \/><\/figure><\/div><div class=\"swiper-slide\" role=\"group\" aria-roledescription=\"slide\" aria-label=\"8 \/ 12\"><figure class=\"swiper-slide-inner\"><img decoding=\"async\" class=\"swiper-slide-image\" src=\"https:\/\/betatom.com.tr\/wp-content\/uploads\/2025\/05\/8-2.png\" alt=\"8\" \/><\/figure><\/div><div class=\"swiper-slide\" role=\"group\" aria-roledescription=\"slide\" aria-label=\"9 \/ 12\"><figure class=\"swiper-slide-inner\"><img decoding=\"async\" class=\"swiper-slide-image\" src=\"https:\/\/betatom.com.tr\/wp-content\/uploads\/2025\/05\/9-2.png\" alt=\"9\" \/><\/figure><\/div><div class=\"swiper-slide\" role=\"group\" aria-roledescription=\"slide\" aria-label=\"10 \/ 12\"><figure class=\"swiper-slide-inner\"><img decoding=\"async\" class=\"swiper-slide-image\" src=\"https:\/\/betatom.com.tr\/wp-content\/uploads\/2025\/05\/10-2.png\" alt=\"10\" \/><\/figure><\/div><div class=\"swiper-slide\" role=\"group\" aria-roledescription=\"slide\" aria-label=\"11 \/ 12\"><figure class=\"swiper-slide-inner\"><img decoding=\"async\" class=\"swiper-slide-image\" src=\"https:\/\/betatom.com.tr\/wp-content\/uploads\/2025\/05\/11-1.png\" alt=\"11\" \/><\/figure><\/div><div class=\"swiper-slide\" role=\"group\" aria-roledescription=\"slide\" aria-label=\"12 \/ 12\"><figure class=\"swiper-slide-inner\"><img decoding=\"async\" class=\"swiper-slide-image\" src=\"https:\/\/betatom.com.tr\/wp-content\/uploads\/2025\/05\/12-1.png\" alt=\"12\" \/><\/figure><\/div>\t\t\t<\/div>\n\t\t\t\t\t\t\t\t\t\t\t\t<div class=\"elementor-swiper-button elementor-swiper-button-prev\" role=\"button\" tabindex=\"0\">\n\t\t\t\t\t\t<i aria-hidden=\"true\" class=\"eicon-chevron-left\"><\/i>\t\t\t\t\t<\/div>\n\t\t\t\t\t<div class=\"elementor-swiper-button elementor-swiper-button-next\" role=\"button\" tabindex=\"0\">\n\t\t\t\t\t\t<i aria-hidden=\"true\" class=\"eicon-chevron-right\"><\/i>\t\t\t\t\t<\/div>\n\t\t\t\t\n\t\t\t\t\t\t\t\t\t<div class=\"swiper-pagination\"><\/div>\n\t\t\t\t\t\t\t\t\t<\/div>\n\t\t\t\t\t\t<\/div>\n\t\t\t\t<\/div>\n\t\t\t\t\t<\/div>\n\t\t\t\t<\/div>\n\t\t<div class=\"has_eae_slider elementor-element elementor-element-80f9305 e-flex e-con-boxed wpr-particle-no wpr-jarallax-no wpr-parallax-no wpr-sticky-section-no wpr-equal-height-no e-con e-parent\" data-eae-slider=\"65692\" data-id=\"80f9305\" data-element_type=\"container\" data-e-type=\"container\" data-settings=\"{&quot;_ha_eqh_enable&quot;:false}\">\n\t\t\t\t\t<div class=\"e-con-inner\">\n\t\t\t\t<div class=\"elementor-element elementor-element-8ea9965 elementor-pagination-position-inside elementor-arrows-position-inside elementor-widget elementor-widget-image-carousel\" data-id=\"8ea9965\" data-element_type=\"widget\" data-e-type=\"widget\" data-settings=\"{&quot;image_spacing_custom&quot;:{&quot;unit&quot;:&quot;px&quot;,&quot;size&quot;:100,&quot;sizes&quot;:[]},&quot;navigation&quot;:&quot;both&quot;,&quot;autoplay&quot;:&quot;yes&quot;,&quot;pause_on_hover&quot;:&quot;yes&quot;,&quot;pause_on_interaction&quot;:&quot;yes&quot;,&quot;autoplay_speed&quot;:5000,&quot;infinite&quot;:&quot;yes&quot;,&quot;speed&quot;:500,&quot;image_spacing_custom_tablet&quot;:{&quot;unit&quot;:&quot;px&quot;,&quot;size&quot;:&quot;&quot;,&quot;sizes&quot;:[]},&quot;image_spacing_custom_mobile&quot;:{&quot;unit&quot;:&quot;px&quot;,&quot;size&quot;:&quot;&quot;,&quot;sizes&quot;:[]}}\" data-widget_type=\"image-carousel.default\">\n\t\t\t\t<div class=\"elementor-widget-container\">\n\t\t\t\t\t\t\t<div class=\"elementor-image-carousel-wrapper swiper\" role=\"region\" aria-roledescription=\"carousel\" aria-label=\"Resim D\u00f6ng\u00fcs\u00fc\" dir=\"ltr\">\n\t\t\t<div class=\"elementor-image-carousel swiper-wrapper swiper-image-stretch\" aria-live=\"off\">\n\t\t\t\t\t\t\t\t<div class=\"swiper-slide\" role=\"group\" aria-roledescription=\"slide\" aria-label=\"1 \/ 6\"><figure class=\"swiper-slide-inner\"><img decoding=\"async\" class=\"swiper-slide-image\" src=\"https:\/\/betatom.com.tr\/wp-content\/uploads\/2025\/05\/6-3.png\" alt=\"6\" \/><\/figure><\/div><div class=\"swiper-slide\" role=\"group\" aria-roledescription=\"slide\" aria-label=\"2 \/ 6\"><figure class=\"swiper-slide-inner\"><img decoding=\"async\" class=\"swiper-slide-image\" src=\"https:\/\/betatom.com.tr\/wp-content\/uploads\/2025\/05\/5-2.png\" alt=\"5\" \/><\/figure><\/div><div class=\"swiper-slide\" role=\"group\" aria-roledescription=\"slide\" aria-label=\"3 \/ 6\"><figure class=\"swiper-slide-inner\"><img decoding=\"async\" class=\"swiper-slide-image\" src=\"https:\/\/betatom.com.tr\/wp-content\/uploads\/2025\/05\/4-3.png\" alt=\"4\" \/><\/figure><\/div><div class=\"swiper-slide\" role=\"group\" aria-roledescription=\"slide\" aria-label=\"4 \/ 6\"><figure class=\"swiper-slide-inner\"><img decoding=\"async\" class=\"swiper-slide-image\" src=\"https:\/\/betatom.com.tr\/wp-content\/uploads\/2025\/05\/3-3.png\" alt=\"3\" \/><\/figure><\/div><div class=\"swiper-slide\" role=\"group\" aria-roledescription=\"slide\" aria-label=\"5 \/ 6\"><figure class=\"swiper-slide-inner\"><img decoding=\"async\" class=\"swiper-slide-image\" src=\"https:\/\/betatom.com.tr\/wp-content\/uploads\/2025\/05\/2-2.png\" alt=\"2\" \/><\/figure><\/div><div class=\"swiper-slide\" role=\"group\" aria-roledescription=\"slide\" aria-label=\"6 \/ 6\"><figure class=\"swiper-slide-inner\"><img decoding=\"async\" class=\"swiper-slide-image\" src=\"https:\/\/betatom.com.tr\/wp-content\/uploads\/2025\/05\/1-2.png\" alt=\"1\" \/><\/figure><\/div>\t\t\t<\/div>\n\t\t\t\t\t\t\t\t\t\t\t\t<div class=\"elementor-swiper-button elementor-swiper-button-prev\" role=\"button\" tabindex=\"0\">\n\t\t\t\t\t\t<i aria-hidden=\"true\" class=\"eicon-chevron-left\"><\/i>\t\t\t\t\t<\/div>\n\t\t\t\t\t<div class=\"elementor-swiper-button elementor-swiper-button-next\" role=\"button\" tabindex=\"0\">\n\t\t\t\t\t\t<i aria-hidden=\"true\" class=\"eicon-chevron-right\"><\/i>\t\t\t\t\t<\/div>\n\t\t\t\t\n\t\t\t\t\t\t\t\t\t<div class=\"swiper-pagination\"><\/div>\n\t\t\t\t\t\t\t\t\t<\/div>\n\t\t\t\t\t\t<\/div>\n\t\t\t\t<\/div>\n\t\t\t\t\t<\/div>\n\t\t\t\t<\/div>\n\t\t\t\t<\/div>\n\t\t","protected":false},"excerpt":{"rendered":"","protected":false},"author":1,"featured_media":0,"parent":0,"menu_order":0,"comment_status":"closed","ping_status":"closed","template":"","meta":{"ngg_post_thumbnail":0,"footnotes":""},"class_list":["post-4452","page","type-page","status-publish","hentry"],"yoast_head":"<!-- This site is optimized with the Yoast SEO plugin v27.4 - https:\/\/yoast.com\/product\/yoast-seo-wordpress\/ -->\n<title>Bro\u015f\u00fcrler - Betatom Emar - Betatom Emar Bah\u00e7elievler G\u00f6r\u00fcnt\u00fcleme Merkezi<\/title>\n<meta name=\"description\" content=\"Bro\u015f\u00fcrler Betatom Emar - Betatom Emar Bah\u00e7elievler G\u00f6r\u00fcnt\u00fcleme Merkezi -\" \/>\n<meta name=\"robots\" content=\"index, follow, max-snippet:-1, max-image-preview:large, max-video-preview:-1\" \/>\n<link rel=\"canonical\" href=\"https:\/\/betatom.com.tr\/?page_id=4452\" \/>\n<meta property=\"og:locale\" content=\"tr_TR\" \/>\n<meta property=\"og:type\" content=\"article\" \/>\n<meta property=\"og:title\" content=\"Bro\u015f\u00fcrler - Betatom Emar - Betatom Emar Bah\u00e7elievler G\u00f6r\u00fcnt\u00fcleme Merkezi\" \/>\n<meta property=\"og:description\" content=\"Bro\u015f\u00fcrler Betatom Emar - Betatom Emar Bah\u00e7elievler G\u00f6r\u00fcnt\u00fcleme Merkezi -\" \/>\n<meta property=\"og:url\" content=\"https:\/\/betatom.com.tr\/?page_id=4452\" \/>\n<meta property=\"og:site_name\" content=\"Betatom Emar - Betatom Emar Bah\u00e7elievler G\u00f6r\u00fcnt\u00fcleme Merkezi\" \/>\n<meta property=\"article:modified_time\" content=\"2025-05-30T09:56:24+00:00\" \/>\n<meta property=\"og:image\" content=\"https:\/\/betatom.com.tr\/wp-content\/uploads\/2025\/05\/1-1.png\" \/>\n<meta name=\"twitter:card\" content=\"summary_large_image\" \/>\n<meta name=\"twitter:label1\" content=\"Tahmini okuma s\u00fcresi\" \/>\n\t<meta name=\"twitter:data1\" content=\"6 dakika\" \/>\n<script type=\"application\/ld+json\" class=\"yoast-schema-graph\">{\"@context\":\"https:\\\/\\\/schema.org\",\"@graph\":[{\"@type\":\"WebPage\",\"@id\":\"https:\\\/\\\/betatom.com.tr\\\/?page_id=4452\",\"url\":\"https:\\\/\\\/betatom.com.tr\\\/?page_id=4452\",\"name\":\"Bro\u015f\u00fcrler - Betatom Emar - Betatom Emar Bah\u00e7elievler G\u00f6r\u00fcnt\u00fcleme Merkezi\",\"isPartOf\":{\"@id\":\"https:\\\/\\\/betatom.com.tr\\\/#website\"},\"primaryImageOfPage\":{\"@id\":\"https:\\\/\\\/betatom.com.tr\\\/?page_id=4452#primaryimage\"},\"image\":{\"@id\":\"https:\\\/\\\/betatom.com.tr\\\/?page_id=4452#primaryimage\"},\"thumbnailUrl\":\"https:\\\/\\\/betatom.com.tr\\\/wp-content\\\/uploads\\\/2025\\\/05\\\/1-1.png\",\"datePublished\":\"2025-05-26T09:46:58+00:00\",\"dateModified\":\"2025-05-30T09:56:24+00:00\",\"description\":\"Bro\u015f\u00fcrler Betatom Emar - Betatom Emar Bah\u00e7elievler G\u00f6r\u00fcnt\u00fcleme Merkezi -\",\"breadcrumb\":{\"@id\":\"https:\\\/\\\/betatom.com.tr\\\/?page_id=4452#breadcrumb\"},\"inLanguage\":\"tr\",\"potentialAction\":[{\"@type\":\"ReadAction\",\"target\":[\"https:\\\/\\\/betatom.com.tr\\\/?page_id=4452\"]}]},{\"@type\":\"ImageObject\",\"inLanguage\":\"tr\",\"@id\":\"https:\\\/\\\/betatom.com.tr\\\/?page_id=4452#primaryimage\",\"url\":\"https:\\\/\\\/betatom.com.tr\\\/wp-content\\\/uploads\\\/2025\\\/05\\\/1-1.png\",\"contentUrl\":\"https:\\\/\\\/betatom.com.tr\\\/wp-content\\\/uploads\\\/2025\\\/05\\\/1-1.png\"},{\"@type\":\"BreadcrumbList\",\"@id\":\"https:\\\/\\\/betatom.com.tr\\\/?page_id=4452#breadcrumb\",\"itemListElement\":[{\"@type\":\"ListItem\",\"position\":1,\"name\":\"Anasayfa\",\"item\":\"https:\\\/\\\/betatom.com.tr\\\/\"},{\"@type\":\"ListItem\",\"position\":2,\"name\":\"Bro\u015f\u00fcrler\"}]},{\"@type\":\"WebSite\",\"@id\":\"https:\\\/\\\/betatom.com.tr\\\/#website\",\"url\":\"https:\\\/\\\/betatom.com.tr\\\/\",\"name\":\"Betatom Emar - Betatom Emar Bah\u00e7elievler G\u00f6r\u00fcnt\u00fcleme Merkezi\",\"description\":\"\",\"publisher\":{\"@id\":\"https:\\\/\\\/betatom.com.tr\\\/#organization\"},\"potentialAction\":[{\"@type\":\"SearchAction\",\"target\":{\"@type\":\"EntryPoint\",\"urlTemplate\":\"https:\\\/\\\/betatom.com.tr\\\/?s={search_term_string}\"},\"query-input\":{\"@type\":\"PropertyValueSpecification\",\"valueRequired\":true,\"valueName\":\"search_term_string\"}}],\"inLanguage\":\"tr\"},{\"@type\":\"Organization\",\"@id\":\"https:\\\/\\\/betatom.com.tr\\\/#organization\",\"name\":\"Betatom Emar - Betatom Emar Bah\u00e7elievler G\u00f6r\u00fcnt\u00fcleme Merkezi\",\"url\":\"https:\\\/\\\/betatom.com.tr\\\/\",\"logo\":{\"@type\":\"ImageObject\",\"inLanguage\":\"tr\",\"@id\":\"https:\\\/\\\/betatom.com.tr\\\/#\\\/schema\\\/logo\\\/image\\\/\",\"url\":\"https:\\\/\\\/betatom.com.tr\\\/wp-content\\\/uploads\\\/2023\\\/06\\\/cropped-400x400-betatom-emar-renkli.png\",\"contentUrl\":\"https:\\\/\\\/betatom.com.tr\\\/wp-content\\\/uploads\\\/2023\\\/06\\\/cropped-400x400-betatom-emar-renkli.png\",\"width\":398,\"height\":36,\"caption\":\"Betatom Emar - Betatom Emar Bah\u00e7elievler G\u00f6r\u00fcnt\u00fcleme Merkezi\"},\"image\":{\"@id\":\"https:\\\/\\\/betatom.com.tr\\\/#\\\/schema\\\/logo\\\/image\\\/\"}}]}<\/script>\n<!-- \/ Yoast SEO plugin. -->","yoast_head_json":{"title":"Bro\u015f\u00fcrler - Betatom Emar - Betatom Emar Bah\u00e7elievler G\u00f6r\u00fcnt\u00fcleme Merkezi","description":"Bro\u015f\u00fcrler Betatom Emar - Betatom Emar Bah\u00e7elievler G\u00f6r\u00fcnt\u00fcleme Merkezi -","robots":{"index":"index","follow":"follow","max-snippet":"max-snippet:-1","max-image-preview":"max-image-preview:large","max-video-preview":"max-video-preview:-1"},"canonical":"https:\/\/betatom.com.tr\/?page_id=4452","og_locale":"tr_TR","og_type":"article","og_title":"Bro\u015f\u00fcrler - Betatom Emar - Betatom Emar Bah\u00e7elievler G\u00f6r\u00fcnt\u00fcleme Merkezi","og_description":"Bro\u015f\u00fcrler Betatom Emar - Betatom Emar Bah\u00e7elievler G\u00f6r\u00fcnt\u00fcleme Merkezi -","og_url":"https:\/\/betatom.com.tr\/?page_id=4452","og_site_name":"Betatom Emar - Betatom Emar Bah\u00e7elievler G\u00f6r\u00fcnt\u00fcleme Merkezi","article_modified_time":"2025-05-30T09:56:24+00:00","og_image":[{"url":"https:\/\/betatom.com.tr\/wp-content\/uploads\/2025\/05\/1-1.png","type":"","width":"","height":""}],"twitter_card":"summary_large_image","twitter_misc":{"Tahmini okuma s\u00fcresi":"6 dakika"},"schema":{"@context":"https:\/\/schema.org","@graph":[{"@type":"WebPage","@id":"https:\/\/betatom.com.tr\/?page_id=4452","url":"https:\/\/betatom.com.tr\/?page_id=4452","name":"Bro\u015f\u00fcrler - Betatom Emar - Betatom Emar Bah\u00e7elievler G\u00f6r\u00fcnt\u00fcleme Merkezi","isPartOf":{"@id":"https:\/\/betatom.com.tr\/#website"},"primaryImageOfPage":{"@id":"https:\/\/betatom.com.tr\/?page_id=4452#primaryimage"},"image":{"@id":"https:\/\/betatom.com.tr\/?page_id=4452#primaryimage"},"thumbnailUrl":"https:\/\/betatom.com.tr\/wp-content\/uploads\/2025\/05\/1-1.png","datePublished":"2025-05-26T09:46:58+00:00","dateModified":"2025-05-30T09:56:24+00:00","description":"Bro\u015f\u00fcrler Betatom Emar - Betatom Emar Bah\u00e7elievler G\u00f6r\u00fcnt\u00fcleme Merkezi -","breadcrumb":{"@id":"https:\/\/betatom.com.tr\/?page_id=4452#breadcrumb"},"inLanguage":"tr","potentialAction":[{"@type":"ReadAction","target":["https:\/\/betatom.com.tr\/?page_id=4452"]}]},{"@type":"ImageObject","inLanguage":"tr","@id":"https:\/\/betatom.com.tr\/?page_id=4452#primaryimage","url":"https:\/\/betatom.com.tr\/wp-content\/uploads\/2025\/05\/1-1.png","contentUrl":"https:\/\/betatom.com.tr\/wp-content\/uploads\/2025\/05\/1-1.png"},{"@type":"BreadcrumbList","@id":"https:\/\/betatom.com.tr\/?page_id=4452#breadcrumb","itemListElement":[{"@type":"ListItem","position":1,"name":"Anasayfa","item":"https:\/\/betatom.com.tr\/"},{"@type":"ListItem","position":2,"name":"Bro\u015f\u00fcrler"}]},{"@type":"WebSite","@id":"https:\/\/betatom.com.tr\/#website","url":"https:\/\/betatom.com.tr\/","name":"Betatom Emar - Betatom Emar Bah\u00e7elievler G\u00f6r\u00fcnt\u00fcleme Merkezi","description":"","publisher":{"@id":"https:\/\/betatom.com.tr\/#organization"},"potentialAction":[{"@type":"SearchAction","target":{"@type":"EntryPoint","urlTemplate":"https:\/\/betatom.com.tr\/?s={search_term_string}"},"query-input":{"@type":"PropertyValueSpecification","valueRequired":true,"valueName":"search_term_string"}}],"inLanguage":"tr"},{"@type":"Organization","@id":"https:\/\/betatom.com.tr\/#organization","name":"Betatom Emar - Betatom Emar Bah\u00e7elievler G\u00f6r\u00fcnt\u00fcleme Merkezi","url":"https:\/\/betatom.com.tr\/","logo":{"@type":"ImageObject","inLanguage":"tr","@id":"https:\/\/betatom.com.tr\/#\/schema\/logo\/image\/","url":"https:\/\/betatom.com.tr\/wp-content\/uploads\/2023\/06\/cropped-400x400-betatom-emar-renkli.png","contentUrl":"https:\/\/betatom.com.tr\/wp-content\/uploads\/2023\/06\/cropped-400x400-betatom-emar-renkli.png","width":398,"height":36,"caption":"Betatom Emar - Betatom Emar Bah\u00e7elievler G\u00f6r\u00fcnt\u00fcleme Merkezi"},"image":{"@id":"https:\/\/betatom.com.tr\/#\/schema\/logo\/image\/"}}]}},"jetpack_sharing_enabled":true,"_links":{"self":[{"href":"https:\/\/betatom.com.tr\/index.php?rest_route=\/wp\/v2\/pages\/4452","targetHints":{"allow":["GET"]}}],"collection":[{"href":"https:\/\/betatom.com.tr\/index.php?rest_route=\/wp\/v2\/pages"}],"about":[{"href":"https:\/\/betatom.com.tr\/index.php?rest_route=\/wp\/v2\/types\/page"}],"author":[{"embeddable":true,"href":"https:\/\/betatom.com.tr\/index.php?rest_route=\/wp\/v2\/users\/1"}],"replies":[{"embeddable":true,"href":"https:\/\/betatom.com.tr\/index.php?rest_route=%2Fwp%2Fv2%2Fcomments&post=4452"}],"version-history":[{"count":13,"href":"https:\/\/betatom.com.tr\/index.php?rest_route=\/wp\/v2\/pages\/4452\/revisions"}],"predecessor-version":[{"id":4901,"href":"https:\/\/betatom.com.tr\/index.php?rest_route=\/wp\/v2\/pages\/4452\/revisions\/4901"}],"wp:attachment":[{"href":"https:\/\/betatom.com.tr\/index.php?rest_route=%2Fwp%2Fv2%2Fmedia&parent=4452"}],"curies":[{"name":"wp","href":"https:\/\/api.w.org\/{rel}","templated":true}]}}