{"id":267,"date":"2023-06-27T07:13:14","date_gmt":"2023-06-27T07:13:14","guid":{"rendered":"https:\/\/betatom.com.tr\/?page_id=267"},"modified":"2025-06-02T11:27:43","modified_gmt":"2025-06-02T11:27:43","slug":"vizyon-misyon","status":"publish","type":"page","link":"https:\/\/betatom.com.tr\/?page_id=267","title":{"rendered":"Vizyon &#038; Misyon"},"content":{"rendered":"\t\t<div data-elementor-type=\"wp-page\" data-elementor-id=\"267\" class=\"elementor elementor-267\" data-elementor-settings=\"{&quot;ha_cmc_init_switcher&quot;:&quot;no&quot;}\">\n\t\t\t\t\t\t<section class=\"has_eae_slider elementor-section elementor-top-section elementor-element elementor-element-49b49c7 elementor-section-boxed elementor-section-height-default elementor-section-height-default wpr-particle-no wpr-jarallax-no wpr-parallax-no wpr-sticky-section-no wpr-equal-height-no\" data-eae-slider=\"63353\" data-id=\"49b49c7\" data-element_type=\"section\" data-e-type=\"section\" data-settings=\"{&quot;_ha_eqh_enable&quot;:false}\">\n\t\t\t\t\t\t<div class=\"elementor-container elementor-column-gap-default\">\n\t\t\t\t\t<div class=\"has_eae_slider elementor-column elementor-col-100 elementor-top-column elementor-element elementor-element-3a2b5ec\" data-eae-slider=\"70909\" data-id=\"3a2b5ec\" data-element_type=\"column\" data-e-type=\"column\">\n\t\t\t<div class=\"elementor-widget-wrap elementor-element-populated\">\n\t\t\t\t\t\t<div class=\"elementor-element elementor-element-2c93b4b elementor-widget__width-initial elementor-widget elementor-widget-image\" data-id=\"2c93b4b\" data-element_type=\"widget\" data-e-type=\"widget\" data-widget_type=\"image.default\">\n\t\t\t\t<div class=\"elementor-widget-container\">\n\t\t\t\t\t\t\t\t\t\t\t\t\t\t\t<img fetchpriority=\"high\" decoding=\"async\" width=\"800\" height=\"533\" src=\"https:\/\/betatom.com.tr\/wp-content\/uploads\/2024\/11\/WhatsApp-Image-2023-06-08-at-15.15.55-1-1-1024x682.jpeg\" class=\"attachment-large size-large wp-image-3726\" alt=\"\" srcset=\"https:\/\/betatom.com.tr\/wp-content\/uploads\/2024\/11\/WhatsApp-Image-2023-06-08-at-15.15.55-1-1-1024x682.jpeg 1024w, https:\/\/betatom.com.tr\/wp-content\/uploads\/2024\/11\/WhatsApp-Image-2023-06-08-at-15.15.55-1-1-600x400.jpeg 600w, https:\/\/betatom.com.tr\/wp-content\/uploads\/2024\/11\/WhatsApp-Image-2023-06-08-at-15.15.55-1-1-300x200.jpeg 300w, https:\/\/betatom.com.tr\/wp-content\/uploads\/2024\/11\/WhatsApp-Image-2023-06-08-at-15.15.55-1-1-768x512.jpeg 768w, https:\/\/betatom.com.tr\/wp-content\/uploads\/2024\/11\/WhatsApp-Image-2023-06-08-at-15.15.55-1-1-1536x1023.jpeg 1536w, https:\/\/betatom.com.tr\/wp-content\/uploads\/2024\/11\/WhatsApp-Image-2023-06-08-at-15.15.55-1-1-200x133.jpeg 200w, https:\/\/betatom.com.tr\/wp-content\/uploads\/2024\/11\/WhatsApp-Image-2023-06-08-at-15.15.55-1-1.jpeg 1600w\" sizes=\"(max-width: 800px) 100vw, 800px\" \/>\t\t\t\t\t\t\t\t\t\t\t\t\t\t\t<\/div>\n\t\t\t\t<\/div>\n\t\t\t\t\t<\/div>\n\t\t<\/div>\n\t\t\t\t\t<\/div>\n\t\t<\/section>\n\t\t\t\t<section class=\"has_eae_slider elementor-section elementor-top-section elementor-element elementor-element-be7f7c6 elementor-section-boxed elementor-section-height-default elementor-section-height-default wpr-particle-no wpr-jarallax-no wpr-parallax-no wpr-sticky-section-no wpr-equal-height-no\" data-eae-slider=\"77672\" data-id=\"be7f7c6\" data-element_type=\"section\" data-e-type=\"section\" data-settings=\"{&quot;_ha_eqh_enable&quot;:false}\">\n\t\t\t\t\t\t<div class=\"elementor-container elementor-column-gap-default\">\n\t\t\t\t\t<div class=\"has_eae_slider elementor-column elementor-col-100 elementor-top-column elementor-element elementor-element-154b60e\" data-eae-slider=\"22072\" data-id=\"154b60e\" data-element_type=\"column\" data-e-type=\"column\">\n\t\t\t<div class=\"elementor-widget-wrap elementor-element-populated\">\n\t\t\t\t\t\t<div class=\"elementor-element elementor-element-0dbd782 elementor-widget elementor-widget-heading\" data-id=\"0dbd782\" data-element_type=\"widget\" data-e-type=\"widget\" data-widget_type=\"heading.default\">\n\t\t\t\t<div class=\"elementor-widget-container\">\n\t\t\t\t\t<h5 class=\"elementor-heading-title elementor-size-default\">Vizyon &amp; Misyon<\/h5>\t\t\t\t<\/div>\n\t\t\t\t<\/div>\n\t\t\t\t<div class=\"elementor-element elementor-element-81fa693 elementor-widget-divider--view-line elementor-widget elementor-widget-divider\" data-id=\"81fa693\" data-element_type=\"widget\" data-e-type=\"widget\" data-widget_type=\"divider.default\">\n\t\t\t\t<div class=\"elementor-widget-container\">\n\t\t\t\t\t\t\t<div class=\"elementor-divider\">\n\t\t\t<span class=\"elementor-divider-separator\">\n\t\t\t\t\t\t<\/span>\n\t\t<\/div>\n\t\t\t\t\t\t<\/div>\n\t\t\t\t<\/div>\n\t\t\t\t<div class=\"elementor-element elementor-element-7a9123e elementor-widget elementor-widget-text-editor\" data-id=\"7a9123e\" data-element_type=\"widget\" data-e-type=\"widget\" data-widget_type=\"text-editor.default\">\n\t\t\t\t<div class=\"elementor-widget-container\">\n\t\t\t\t\t\t\t\t\t<p>G\u00f6r\u00fcnt\u00fcleme ve te\u015fhis hizmetlerinde uluslararas\u0131 standartlarda \u00fcst\u00fcn kaliteli, verimli, g\u00fcvenilir ve tercih edilen bir model olmak.<br \/><strong>G\u00d6REV\u0130M\u0130Z<\/strong><br \/>Hastalar\u0131m\u0131z\u0131n beklentileri; Alan\u0131nda uzmanla\u015fm\u0131\u015f \u00e7al\u0131\u015fanlar\u0131m\u0131z ile d\u00fcnyadaki en son bilimsel ve teknolojik geli\u015fmeleri uygulayarak, kaliteyi etkin ve verimli bir \u015fekilde en \u00fcst d\u00fczeyde kar\u015f\u0131lamak<br \/><strong>KAL\u0130TE POL\u0130T\u0130KAMIZ<\/strong><br \/>G\u00f6r\u00fcnt\u00fcleme ve Te\u015fhis hizmetlerinde teknolojiyi takip ederek yeniliklere a\u00e7\u0131k personelimiz ile do\u011fru, eksiksiz, zaman\u0131nda ve g\u00fcvenli bir ortamda, sistemi s\u00fcrekli iyile\u015ftirerek ve m\u00fc\u015fteri memnuniyetini en \u00fcst seviyede tutarak sekt\u00f6r\u00fcm\u00fczde lider olmak. yasal d\u00fczenlemeler \u00e7er\u00e7evesinde, t\u0131p eti\u011fi kurallar\u0131na uygun olarak ilerlemektir.<br \/><strong>\u00d6NCE SA\u011eLIK<\/strong><br \/>Betatom MR G\u00f6r\u00fcnt\u00fcleme ve Te\u015fhis Merkezimiz, her t\u00fcrl\u00fc hastal\u0131\u011f\u0131n te\u015fhis ve tedavisine olanak sa\u011flayacak s\u0131n\u0131f\u0131ndaki en son ve en son teknoloji cihazlarla donat\u0131lm\u0131\u015ft\u0131r. Yeni teknolojiler zaman i\u00e7erisinde sistemlerimize adapte edilmektedir.<br \/><strong>ETK\u0130N TEDAV\u0130 \u0130\u00c7\u0130N DO\u011eRU TANI<\/strong><br \/>Sa\u011fl\u0131k sekt\u00f6r\u00fcndeki geli\u015fmeleri ve e\u011fitimin s\u00fcreklili\u011fini esas alarak b\u00fcy\u00fcmeyi ve verimlili\u011fini art\u0131rmay\u0131 hedeflemekte, hizmet kalitesinin geli\u015ftirilmesi ve \u00e7e\u015fitlendirilmesini s\u00fcrekli g\u00f6z \u00f6n\u00fcnde bulundurarak g\u00f6r\u00fcnt\u00fcleme ve tan\u0131 alan\u0131nda en \u00fcst seviyede hizmet vermeyi ama\u00e7lamaktad\u0131r. Bug\u00fcn b\u00fcnyesinde,<\/p><ul><li>MR S\u0131gna explorer<\/li><li>A\u00e7\u0131k Emar<\/li><li>Multislice Tomografi<\/li><li>Volumetrik Dental Tomografi<\/li><li>Panoramik &amp; Sefalometri<\/li><li>Direkt\/Endirekt R\u00f6ntgen<\/li><li>Kemik Dansitometre<\/li><li>Mammografi<\/li><li>Ultrasonografi<\/li><li>4D Renkli Dopler<\/li><li>EMG-EEG<\/li><li>Laboratuvar<\/li><\/ul><p>birimleri ile T\u00fcrkiye\u2019nin bu konudaki say\u0131l\u0131 kurulu\u015flar\u0131 aras\u0131nda yer almaktad\u0131r.<\/p>\t\t\t\t\t\t\t\t<\/div>\n\t\t\t\t<\/div>\n\t\t\t\t\t<\/div>\n\t\t<\/div>\n\t\t\t\t\t<\/div>\n\t\t<\/section>\n\t\t\t\t<\/div>\n\t\t","protected":false},"excerpt":{"rendered":"<p>Vizyon &amp; Misyon G\u00f6r\u00fcnt\u00fcleme ve te\u015fhis hizmetlerinde uluslararas\u0131 standartlarda \u00fcst\u00fcn kaliteli, verimli, g\u00fcvenilir ve tercih edilen bir model olmak.G\u00d6REV\u0130M\u0130ZHastalar\u0131m\u0131z\u0131n beklentileri; Alan\u0131nda uzmanla\u015fm\u0131\u015f \u00e7al\u0131\u015fanlar\u0131m\u0131z ile d\u00fcnyadaki en son bilimsel ve teknolojik geli\u015fmeleri uygulayarak, kaliteyi etkin ve verimli bir \u015fekilde en \u00fcst d\u00fczeyde kar\u015f\u0131lamakKAL\u0130TE POL\u0130T\u0130KAMIZG\u00f6r\u00fcnt\u00fcleme ve Te\u015fhis hizmetlerinde teknolojiyi takip ederek yeniliklere a\u00e7\u0131k personelimiz ile do\u011fru, eksiksiz, zaman\u0131nda ve g\u00fcvenli bir ortamda, sistemi s\u00fcrekli iyile\u015ftirerek ve m\u00fc\u015fteri memnuniyetini en \u00fcst seviyede tutarak sekt\u00f6r\u00fcm\u00fczde lider olmak. yasal d\u00fczenlemeler \u00e7er\u00e7evesinde, t\u0131p eti\u011fi kurallar\u0131na uygun olarak ilerlemektir.\u00d6NCE SA\u011eLIKBetatom MR G\u00f6r\u00fcnt\u00fcleme ve Te\u015fhis Merkezimiz, her t\u00fcrl\u00fc hastal\u0131\u011f\u0131n te\u015fhis ve tedavisine olanak sa\u011flayacak s\u0131n\u0131f\u0131ndaki en son ve en son teknoloji cihazlarla donat\u0131lm\u0131\u015ft\u0131r. Yeni teknolojiler zaman i\u00e7erisinde sistemlerimize adapte edilmektedir.ETK\u0130N TEDAV\u0130 \u0130\u00c7\u0130N DO\u011eRU TANISa\u011fl\u0131k sekt\u00f6r\u00fcndeki geli\u015fmeleri ve e\u011fitimin s\u00fcreklili\u011fini esas alarak b\u00fcy\u00fcmeyi ve verimlili\u011fini art\u0131rmay\u0131 hedeflemekte, hizmet kalitesinin geli\u015ftirilmesi ve \u00e7e\u015fitlendirilmesini s\u00fcrekli g\u00f6z \u00f6n\u00fcnde bulundurarak g\u00f6r\u00fcnt\u00fcleme ve tan\u0131 alan\u0131nda en \u00fcst seviyede hizmet vermeyi ama\u00e7lamaktad\u0131r. Bug\u00fcn b\u00fcnyesinde, MR S\u0131gna explorer A\u00e7\u0131k Emar Multislice Tomografi Volumetrik Dental Tomografi Panoramik &amp; Sefalometri Direkt\/Endirekt R\u00f6ntgen Kemik Dansitometre Mammografi Ultrasonografi 4D Renkli Dopler EMG-EEG Laboratuvar birimleri ile T\u00fcrkiye\u2019nin bu konudaki say\u0131l\u0131 kurulu\u015flar\u0131 aras\u0131nda yer almaktad\u0131r.<\/p>\n","protected":false},"author":1,"featured_media":0,"parent":0,"menu_order":0,"comment_status":"closed","ping_status":"closed","template":"","meta":{"ngg_post_thumbnail":0,"footnotes":""},"class_list":["post-267","page","type-page","status-publish","hentry"],"yoast_head":"<!-- This site is optimized with the Yoast SEO plugin v27.4 - https:\/\/yoast.com\/product\/yoast-seo-wordpress\/ -->\n<title>Vizyon &amp; Misyon - Betatom Emar - Betatom Emar Bah\u00e7elievler G\u00f6r\u00fcnt\u00fcleme Merkezi<\/title>\n<meta name=\"description\" content=\"Vizyon &amp; Misyon Betatom Emar - Betatom Emar Bah\u00e7elievler G\u00f6r\u00fcnt\u00fcleme Merkezi -\" \/>\n<meta name=\"robots\" content=\"index, follow, max-snippet:-1, max-image-preview:large, max-video-preview:-1\" \/>\n<link rel=\"canonical\" href=\"https:\/\/betatom.com.tr\/?page_id=267\" \/>\n<meta property=\"og:locale\" content=\"tr_TR\" \/>\n<meta property=\"og:type\" content=\"article\" \/>\n<meta property=\"og:title\" content=\"Vizyon &amp; Misyon - Betatom Emar - Betatom Emar Bah\u00e7elievler G\u00f6r\u00fcnt\u00fcleme Merkezi\" \/>\n<meta property=\"og:description\" content=\"Vizyon &amp; Misyon Betatom Emar - Betatom Emar Bah\u00e7elievler G\u00f6r\u00fcnt\u00fcleme Merkezi -\" \/>\n<meta property=\"og:url\" content=\"https:\/\/betatom.com.tr\/?page_id=267\" \/>\n<meta property=\"og:site_name\" content=\"Betatom Emar - Betatom Emar Bah\u00e7elievler G\u00f6r\u00fcnt\u00fcleme Merkezi\" \/>\n<meta property=\"article:modified_time\" content=\"2025-06-02T11:27:43+00:00\" \/>\n<meta property=\"og:image\" content=\"https:\/\/betatom.com.tr\/wp-content\/uploads\/2024\/11\/WhatsApp-Image-2023-06-08-at-15.15.55-1-1.jpeg\" \/>\n\t<meta property=\"og:image:width\" content=\"1600\" \/>\n\t<meta property=\"og:image:height\" content=\"1066\" \/>\n\t<meta property=\"og:image:type\" content=\"image\/jpeg\" \/>\n<meta name=\"twitter:card\" content=\"summary_large_image\" \/>\n<meta name=\"twitter:label1\" content=\"Tahmini okuma s\u00fcresi\" \/>\n\t<meta name=\"twitter:data1\" content=\"2 dakika\" \/>\n<script type=\"application\/ld+json\" class=\"yoast-schema-graph\">{\"@context\":\"https:\\\/\\\/schema.org\",\"@graph\":[{\"@type\":\"WebPage\",\"@id\":\"https:\\\/\\\/betatom.com.tr\\\/?page_id=267\",\"url\":\"https:\\\/\\\/betatom.com.tr\\\/?page_id=267\",\"name\":\"Vizyon & Misyon - Betatom Emar - Betatom Emar Bah\u00e7elievler G\u00f6r\u00fcnt\u00fcleme Merkezi\",\"isPartOf\":{\"@id\":\"https:\\\/\\\/betatom.com.tr\\\/#website\"},\"primaryImageOfPage\":{\"@id\":\"https:\\\/\\\/betatom.com.tr\\\/?page_id=267#primaryimage\"},\"image\":{\"@id\":\"https:\\\/\\\/betatom.com.tr\\\/?page_id=267#primaryimage\"},\"thumbnailUrl\":\"https:\\\/\\\/betatom.com.tr\\\/wp-content\\\/uploads\\\/2024\\\/11\\\/WhatsApp-Image-2023-06-08-at-15.15.55-1-1-1024x682.jpeg\",\"datePublished\":\"2023-06-27T07:13:14+00:00\",\"dateModified\":\"2025-06-02T11:27:43+00:00\",\"description\":\"Vizyon & Misyon Betatom Emar - Betatom Emar Bah\u00e7elievler G\u00f6r\u00fcnt\u00fcleme Merkezi -\",\"breadcrumb\":{\"@id\":\"https:\\\/\\\/betatom.com.tr\\\/?page_id=267#breadcrumb\"},\"inLanguage\":\"tr\",\"potentialAction\":[{\"@type\":\"ReadAction\",\"target\":[\"https:\\\/\\\/betatom.com.tr\\\/?page_id=267\"]}]},{\"@type\":\"ImageObject\",\"inLanguage\":\"tr\",\"@id\":\"https:\\\/\\\/betatom.com.tr\\\/?page_id=267#primaryimage\",\"url\":\"https:\\\/\\\/betatom.com.tr\\\/wp-content\\\/uploads\\\/2024\\\/11\\\/WhatsApp-Image-2023-06-08-at-15.15.55-1-1.jpeg\",\"contentUrl\":\"https:\\\/\\\/betatom.com.tr\\\/wp-content\\\/uploads\\\/2024\\\/11\\\/WhatsApp-Image-2023-06-08-at-15.15.55-1-1.jpeg\",\"width\":1600,\"height\":1066},{\"@type\":\"BreadcrumbList\",\"@id\":\"https:\\\/\\\/betatom.com.tr\\\/?page_id=267#breadcrumb\",\"itemListElement\":[{\"@type\":\"ListItem\",\"position\":1,\"name\":\"Anasayfa\",\"item\":\"https:\\\/\\\/betatom.com.tr\\\/\"},{\"@type\":\"ListItem\",\"position\":2,\"name\":\"Vizyon &#038; Misyon\"}]},{\"@type\":\"WebSite\",\"@id\":\"https:\\\/\\\/betatom.com.tr\\\/#website\",\"url\":\"https:\\\/\\\/betatom.com.tr\\\/\",\"name\":\"Betatom Emar - Betatom Emar Bah\u00e7elievler G\u00f6r\u00fcnt\u00fcleme Merkezi\",\"description\":\"\",\"publisher\":{\"@id\":\"https:\\\/\\\/betatom.com.tr\\\/#organization\"},\"potentialAction\":[{\"@type\":\"SearchAction\",\"target\":{\"@type\":\"EntryPoint\",\"urlTemplate\":\"https:\\\/\\\/betatom.com.tr\\\/?s={search_term_string}\"},\"query-input\":{\"@type\":\"PropertyValueSpecification\",\"valueRequired\":true,\"valueName\":\"search_term_string\"}}],\"inLanguage\":\"tr\"},{\"@type\":\"Organization\",\"@id\":\"https:\\\/\\\/betatom.com.tr\\\/#organization\",\"name\":\"Betatom Emar - Betatom Emar Bah\u00e7elievler G\u00f6r\u00fcnt\u00fcleme Merkezi\",\"url\":\"https:\\\/\\\/betatom.com.tr\\\/\",\"logo\":{\"@type\":\"ImageObject\",\"inLanguage\":\"tr\",\"@id\":\"https:\\\/\\\/betatom.com.tr\\\/#\\\/schema\\\/logo\\\/image\\\/\",\"url\":\"https:\\\/\\\/betatom.com.tr\\\/wp-content\\\/uploads\\\/2023\\\/06\\\/cropped-400x400-betatom-emar-renkli.png\",\"contentUrl\":\"https:\\\/\\\/betatom.com.tr\\\/wp-content\\\/uploads\\\/2023\\\/06\\\/cropped-400x400-betatom-emar-renkli.png\",\"width\":398,\"height\":36,\"caption\":\"Betatom Emar - Betatom Emar Bah\u00e7elievler G\u00f6r\u00fcnt\u00fcleme Merkezi\"},\"image\":{\"@id\":\"https:\\\/\\\/betatom.com.tr\\\/#\\\/schema\\\/logo\\\/image\\\/\"}}]}<\/script>\n<!-- \/ Yoast SEO plugin. -->","yoast_head_json":{"title":"Vizyon & Misyon - Betatom Emar - Betatom Emar Bah\u00e7elievler G\u00f6r\u00fcnt\u00fcleme Merkezi","description":"Vizyon & Misyon Betatom Emar - Betatom Emar Bah\u00e7elievler G\u00f6r\u00fcnt\u00fcleme Merkezi -","robots":{"index":"index","follow":"follow","max-snippet":"max-snippet:-1","max-image-preview":"max-image-preview:large","max-video-preview":"max-video-preview:-1"},"canonical":"https:\/\/betatom.com.tr\/?page_id=267","og_locale":"tr_TR","og_type":"article","og_title":"Vizyon & Misyon - Betatom Emar - Betatom Emar Bah\u00e7elievler G\u00f6r\u00fcnt\u00fcleme Merkezi","og_description":"Vizyon & Misyon Betatom Emar - Betatom Emar Bah\u00e7elievler G\u00f6r\u00fcnt\u00fcleme Merkezi -","og_url":"https:\/\/betatom.com.tr\/?page_id=267","og_site_name":"Betatom Emar - Betatom Emar Bah\u00e7elievler G\u00f6r\u00fcnt\u00fcleme Merkezi","article_modified_time":"2025-06-02T11:27:43+00:00","og_image":[{"width":1600,"height":1066,"url":"https:\/\/betatom.com.tr\/wp-content\/uploads\/2024\/11\/WhatsApp-Image-2023-06-08-at-15.15.55-1-1.jpeg","type":"image\/jpeg"}],"twitter_card":"summary_large_image","twitter_misc":{"Tahmini okuma s\u00fcresi":"2 dakika"},"schema":{"@context":"https:\/\/schema.org","@graph":[{"@type":"WebPage","@id":"https:\/\/betatom.com.tr\/?page_id=267","url":"https:\/\/betatom.com.tr\/?page_id=267","name":"Vizyon & Misyon - Betatom Emar - Betatom Emar Bah\u00e7elievler G\u00f6r\u00fcnt\u00fcleme Merkezi","isPartOf":{"@id":"https:\/\/betatom.com.tr\/#website"},"primaryImageOfPage":{"@id":"https:\/\/betatom.com.tr\/?page_id=267#primaryimage"},"image":{"@id":"https:\/\/betatom.com.tr\/?page_id=267#primaryimage"},"thumbnailUrl":"https:\/\/betatom.com.tr\/wp-content\/uploads\/2024\/11\/WhatsApp-Image-2023-06-08-at-15.15.55-1-1-1024x682.jpeg","datePublished":"2023-06-27T07:13:14+00:00","dateModified":"2025-06-02T11:27:43+00:00","description":"Vizyon & Misyon Betatom Emar - Betatom Emar Bah\u00e7elievler G\u00f6r\u00fcnt\u00fcleme Merkezi -","breadcrumb":{"@id":"https:\/\/betatom.com.tr\/?page_id=267#breadcrumb"},"inLanguage":"tr","potentialAction":[{"@type":"ReadAction","target":["https:\/\/betatom.com.tr\/?page_id=267"]}]},{"@type":"ImageObject","inLanguage":"tr","@id":"https:\/\/betatom.com.tr\/?page_id=267#primaryimage","url":"https:\/\/betatom.com.tr\/wp-content\/uploads\/2024\/11\/WhatsApp-Image-2023-06-08-at-15.15.55-1-1.jpeg","contentUrl":"https:\/\/betatom.com.tr\/wp-content\/uploads\/2024\/11\/WhatsApp-Image-2023-06-08-at-15.15.55-1-1.jpeg","width":1600,"height":1066},{"@type":"BreadcrumbList","@id":"https:\/\/betatom.com.tr\/?page_id=267#breadcrumb","itemListElement":[{"@type":"ListItem","position":1,"name":"Anasayfa","item":"https:\/\/betatom.com.tr\/"},{"@type":"ListItem","position":2,"name":"Vizyon &#038; Misyon"}]},{"@type":"WebSite","@id":"https:\/\/betatom.com.tr\/#website","url":"https:\/\/betatom.com.tr\/","name":"Betatom Emar - Betatom Emar Bah\u00e7elievler G\u00f6r\u00fcnt\u00fcleme Merkezi","description":"","publisher":{"@id":"https:\/\/betatom.com.tr\/#organization"},"potentialAction":[{"@type":"SearchAction","target":{"@type":"EntryPoint","urlTemplate":"https:\/\/betatom.com.tr\/?s={search_term_string}"},"query-input":{"@type":"PropertyValueSpecification","valueRequired":true,"valueName":"search_term_string"}}],"inLanguage":"tr"},{"@type":"Organization","@id":"https:\/\/betatom.com.tr\/#organization","name":"Betatom Emar - Betatom Emar Bah\u00e7elievler G\u00f6r\u00fcnt\u00fcleme Merkezi","url":"https:\/\/betatom.com.tr\/","logo":{"@type":"ImageObject","inLanguage":"tr","@id":"https:\/\/betatom.com.tr\/#\/schema\/logo\/image\/","url":"https:\/\/betatom.com.tr\/wp-content\/uploads\/2023\/06\/cropped-400x400-betatom-emar-renkli.png","contentUrl":"https:\/\/betatom.com.tr\/wp-content\/uploads\/2023\/06\/cropped-400x400-betatom-emar-renkli.png","width":398,"height":36,"caption":"Betatom Emar - Betatom Emar Bah\u00e7elievler G\u00f6r\u00fcnt\u00fcleme Merkezi"},"image":{"@id":"https:\/\/betatom.com.tr\/#\/schema\/logo\/image\/"}}]}},"jetpack_sharing_enabled":true,"_links":{"self":[{"href":"https:\/\/betatom.com.tr\/index.php?rest_route=\/wp\/v2\/pages\/267","targetHints":{"allow":["GET"]}}],"collection":[{"href":"https:\/\/betatom.com.tr\/index.php?rest_route=\/wp\/v2\/pages"}],"about":[{"href":"https:\/\/betatom.com.tr\/index.php?rest_route=\/wp\/v2\/types\/page"}],"author":[{"embeddable":true,"href":"https:\/\/betatom.com.tr\/index.php?rest_route=\/wp\/v2\/users\/1"}],"replies":[{"embeddable":true,"href":"https:\/\/betatom.com.tr\/index.php?rest_route=%2Fwp%2Fv2%2Fcomments&post=267"}],"version-history":[{"count":32,"href":"https:\/\/betatom.com.tr\/index.php?rest_route=\/wp\/v2\/pages\/267\/revisions"}],"predecessor-version":[{"id":4955,"href":"https:\/\/betatom.com.tr\/index.php?rest_route=\/wp\/v2\/pages\/267\/revisions\/4955"}],"wp:attachment":[{"href":"https:\/\/betatom.com.tr\/index.php?rest_route=%2Fwp%2Fv2%2Fmedia&parent=267"}],"curies":[{"name":"wp","href":"https:\/\/api.w.org\/{rel}","templated":true}]}}